Let b(u) = -u**2 + u + 1. Determine b(m).
-5
Let h(d) = d - d - 3 - d**2 - 2*d. Let l(v) = -v - 1. Let k(f) = -h(f) - l(f). Calculate k(-3).
4
Let r(y) = -4 - 2*y + 4*y**2 - 4*y**2 - y**2 + 2. Give r(-4).
-10
Let h(k) = -k**2 + 2*k + 5. Let p be h(5). Let r = -23 + 28. Let u be ((-4)/p)/(r/25). Let i(g) = 2*g. Give i(u).
4
Let d(i) = i**2 + 3*i + 4. Suppose -4*t - 5 = -21. Let q be 3/t*(4 - 0). Suppose -y - q = 1. Give d(y).
8
Let z(p) be the first derivative of -4*p**3/3 + 3*p**2/2 + 3. Calculate z(2).
-10
Let f(u) = -3*u**3 + 2*u**3 + 2 - 2*u**2 + 8*u**2 + 6*u. Give f(7).
-5
Let f(a) = a - 2*a - 2*a + 2*a + 1. Give f(0).
1
Let y(b) = 3*b + 1. Let h be (-1 + 0)*(1 - 0). Let r be y(h). Let z(d) = 6*d + 3. Give z(r).
-9
Let i(t) = -4*t**2 - 1 + 7 - 7 - 2*t**3 + 3*t**2. Give i(-2).
11
Let c(v) = -v. Let b be c(-4). Let q(g) = -b*g - 8 + 3*g**2 - 3*g**2 - 6*g**2 - g**3 + 6. Give q(-2).
-10
Let o(b) = -2*b + 5. Suppose -3*l - 1 + 17 = -t, 5*t = 4*l - 25. Let n(c) = 8 - 5*c - 2 + 2*c + 3. Let q(k) = l*o(k) - 3*n(k). Give q(0).
-2
Let z(i) = i**3 + 8*i**2 + 8*i + 1. Suppose -2*h = w + 1, w + h - 2 = -6. Calculate z(w).
-6
Let g = -8 - -7. Let i(u) = -23*u + 2. Let j(r) = 11*r - 1. Let s(m) = 4*i(m) + 9*j(m). Calculate s(g).
-8
Let q be 32/14 + (-4)/14. Let h(p) = -6 - 2*p - p + 0*p + 2 + 2*p**q. Let d be h(3). Let n(j) = 2*j - 4. Determine n(d).
6
Let r(o) = -o**3 - 6*o**2 - 5*o - 5. Let d = 16 - 21. What is r(d)?
-5
Let o(j) = 3*j - 18. Let u be o(8). Let t(l) = l - 7. Calculate t(u).
-1
Let v = -28 + 49. Let d be (-14)/v - (-17)/3. Let g(h) = h**2 - 8*h + 3. Calculate g(d).
-12
Let t(s) be the second derivative of -s**5/20 + s**4/2 - 2*s**2 + 7*s. Give t(6).
-4
Let g(r) be the third derivative of r**6/120 - r**5/20 + r**4/24 - r**3/3 - 26*r**2. What is g(2)?
-4
Let k(w) be the third derivative of w**5/60 + w**4/4 + w**3/3 - 6*w**2. Give k(-3).
-7
Suppose u - 3 = -q, -2*q + 1 = -0*q + u. Let x(d) = -15*d**2 + 33*d + 33. Let n(o) = o**2 - 2*o - 2. Let f(l) = q*x(l) - 33*n(l). Determine f(2).
-12
Let j(y) = 11*y**3 - 5*y**2 - 11*y - 9. Let t(d) = 16*d**3 - 7*d**2 - 16*d - 13. Let v(x) = 7*j(x) - 5*t(x). Give v(-2).
20
Let n(a) = 2*a**2 + a. Suppose -3*d - 41 = 4. Let b be d/9 + (-2)/(-3). Determine n(b).
1
Let d(i) = -i**3 - 6*i**2 - 2*i - 4. Suppose -2*m + 3*w - 13 - 5 = 0, 5*w - 28 = 3*m. Give d(m).
8
Suppose 0 = -2*a - 19 + 53. Let j(s) = s**3 - 7*s**2 + s + 16. Let y(u) = 3*u**3 - 20*u**2 + 3*u + 48. Let i(n) = a*j(n) - 6*y(n). Calculate i(0).
-16
Let i(k) = -k**2 - k + 1. Let p(w) = -2*w**2 - 5*w - 1. Let z(x) = -3*i(x) + p(x). Give z(4).
4
Let b(f) = 11*f**2 + f + 1. Suppose -3*x - 1 - 11 = 0, 5*v - 21 = -x. Let t(a) = -a + 4. Let m be t(v). Give b(m).
11
Let m(g) be the third derivative of -g**6/120 + 2*g**5/15 - g**4/3 + 5*g**3/3 + 43*g**2. Give m(7).
3
Let i be (-14)/(-2) - 18/6. Let n(h) = -h**3 + 3*h**2 + 5*h + 2. Give n(i).
6
Let z(u) be the first derivative of u**3/3 + 5*u**2/2 + 3*u - 1. Let j = -11 + 8. Calculate z(j).
-3
Let j(x) = -x**3 - 4*x**2 + 2*x + 5. Let y be j(-4). Let o(q) be the second derivative of 1/3*q**3 - q + 3/2*q**2 + 0. Determine o(y).
-3
Let d(r) = r**3 - 7*r**2 + 7*r - 9. Let o(m) = m + 13. Let t(k) = k - 12. Let p be t(5). Let x be o(p). What is d(x)?
-3
Let h(w) = w + 2. Suppose -3*l = -2*l - s + 4, 12 = -5*l - 3*s. Let q be (l/(-2))/(2/4). Let n be h(q). Let k(v) = -v + 4. Calculate k(n).
-1
Let b(q) be the first derivative of -q**2/2 - 2*q - 10. Determine b(-1).
-1
Let c = 3 - 1. Let x(q) = q**2 + 5*q - 3. Let s(p) = -p**2 + p - 1. Let f(n) = -n**2 + 6*n - 4. Let k be f(5). Let m(a) = c*s(a) + k*x(a). Give m(4).
7
Let j(z) = z - 3. Let i be (-2 - -3)/(2/6). Suppose 3*b - 9 = -i*m, b - 2*m + 5 = -m. Let s(n) = 2*n**2 - n. Let k be s(b). Determine j(k).
0
Let b(a) = -1 + 1 - 1 + 2*a**2 + 4*a**2. Suppose i = -i + 4. Let o(j) = j - 1. Let c be o(i). What is b(c)?
5
Let c(a) = 0*a - 5*a + 2*a - a**3 - 4*a**2. Let z(g) = -3*g + 5. Let x be z(5). Let d = x - -7. Calculate c(d).
0
Suppose 8 = 2*w - m, -4*w - 3*m = -2*m - 16. Let t(v) = v**3 - 5*v**2 + 4*v - 5. Calculate t(w).
-5
Let c(b) = -b**2 - 2*b + 9. Let t be c(-4). Let v(d) be the third derivative of d**6/30 + d**5/60 + d**4/24 - d**3/6 + d**2. Calculate v(t).
5
Let p(z) be the first derivative of -z**5/15 + z**3/6 - 2*z**2 + 2. Let f(y) be the second derivative of p(y). Calculate f(1).
-3
Let l = -2/467 + 497/7005. Let o(s) be the third derivative of 1/120*s**6 + 1/8*s**4 - l*s**5 + 0*s - s**3 - 2*s**2 + 0. What is o(4)?
6
Let j(z) = 3*z**3 - 2*z**3 - 4*z**2 + 7*z - 3*z**2 - 9. Let l(a) = -a**2 - 11*a - 24. Let d be l(-5). Give j(d).
-3
Let n(o) be the second derivative of o**5/20 - o**4/24 + o**3/3 - 2*o. Let l(a) be the second derivative of n(a). Calculate l(-1).
-7
Let n(t) = 5*t**3 + 8*t**2 - 2*t - 1. Let s(r) = 4*r**3 + 7*r**2 - r - 1. Let o(h) = -3*n(h) + 4*s(h). Suppose -2*b = -0*b + 16. Let g = 5 + b. What is o(g)?
2
Let g(m) = -m**3 + 6*m**2 - 7*m + 6. Let f(j) = -2*j - 6. Let t be f(-6). Suppose 0 = -3*o + t + 6. Determine g(o).
10
Let b(q) = -q**3 + 2 + 1 - 5 + 4*q**2. Let n = 110 - 107. What is b(n)?
7
Suppose 4*u = -1 - 3. Let x(m) = -2 - 5*m**3 - m**2 + 3 - m - 2. What is x(u)?
4
Let l(m) be the second derivative of -m**4/12 + 5*m**3/6 + m**2 + m. Let o be 4/6 - (-52)/12. Calculate l(o).
2
Let c(b) be the third derivative of b**5/60 + 7*b**4/24 - 4*b**3/3 + 27*b**2. What is c(-6)?
-14
Let z(u) be the first derivative of -u**3/3 - u + 63. What is z(-1)?
-2
Let u(p) = p**3 - 3*p**2 - 3*p - 4. Let r be u(4). Suppose -4 = -2*g - 0*g. Let h(f) = -3 - 1 + 0 + f**g. What is h(r)?
-4
Let m(x) be the second derivative of 13*x**3/6 + x**2/2 + 4*x. Calculate m(-1).
-12
Let u(p) = -4*p. Let o(i) = 3*i + 1. Let t(c) = 6*o(c) + 5*u(c). Suppose -4*s + 5*s - 5 = -2*g, 5*g = -5*s + 5. Calculate t(g).
-2
Suppose 20 = 4*i - 0*i. Suppose 0 = -i*a - 5*g, 2*a - a - 5*g = 0. Let z(r) = 6 + r - r**3 + 2*r**3 + 3*r**2 - 2*r**2. Calculate z(a).
6
Let o(h) = -h. Let l be o(0). Let q(j) = 5*j**2 - 592 + 598 - 4*j**2 - j. Calculate q(l).
6
Let w(s) = 7*s**3 - 10*s**2 - 7*s - 11. Let z be 6/7*(6 - -1). Let j(a) = -6*a**3 + 9*a**2 + 6*a + 10. Let l(v) = z*j(v) + 5*w(v). Calculate l(4).
9
Suppose -5*o = -g - 28 + 10, 4*g + 3 = -3*o. Let c = o - 7. Let a = 9 + c. Let j(r) = -r**3 + 6*r**2 - 8*r + 7. Give j(a).
-8
Let g(f) = -f - 1. Let b(w) = w - 15. Let k be b(10). What is g(k)?
4
Let x(i) be the second derivative of i**6/120 - i**5/60 - i**4/24 + 7*i**2/2 - 5*i. Let v(o) be the first derivative of x(o). Let p be 0*2*(-1)/(-4). Give v(p).
0
Let w = -1 - 4. Let n(p) = -3*p - 32. Let q(s) = 2*s + 17. Let v(g) = -g - 9. Let z(d) = 2*q(d) + 5*v(d). Let l(j) = 6*n(j) - 17*z(j). Calculate l(w).
0
Let b(l) = -585 + 589 + 0*l - l**2 + 4*l. Let t(i) = -2*i - 8. Let s be t(-6). Give b(s).
4
Let r(b) = -b. Let t(a) = 1. Let y(k) = k**2 + 3*k + 1. Let c be y(-2). Let f(s) = c*t(s) + 4*r(s). Determine f(2).
-9
Let w(d) = -3*d - 2 + d + 0. Let b be 0 + -3 + 4 + -2. Let k = -2 + b. Give w(k).
4
Let b(z) = 0*z + 5 - z - 2 - 1. Calculate b(5).
-3
Let x(z) be the first derivative of 4*z**3/3 - 2*z**2 - 4*z - 4. Let c(j) = -3*j**2 + 3*j + 4. Let n(r) = 3*c(r) + 2*x(r). Give n(-3).
-8
Let n(h) = h - 1. Suppose 6*o = 39 + 9. Determine n(o).
7
Let u(n) = n**2 + 6*n + 4. Let w be 3 + (-9)/(-6)*4. Let d = 3 - w. What is u(d)?
4
Let v(t) = -t - 4*t + 6 + t**3 - 2*t**2 - t**2. Give v(4).
2
Let m(s) = -s + 4. Let v(j) = -1. Let o(d) = m(d) + 6*v(d). Let c be 6/(-27) - (-276)/27. Suppose 4*a + c = -2. What is o(a)?
1
Let f(d) = 4*d. Suppose 0 - 5 = 5*y. What is f(y)?
-4
Let k(f) = f + 21. Let u be k(-17). Suppose 3*p = u*i + 31, 3*i - 17 = -5*p + i. Let w(o) = 3*o - 6. Let x(r) = r. Let g(a) = w(a) - x(a). Determine g(p).
4
Let k(x) = x**3 - 4*x**2 - 4*x - 6. Let j be k(5). Let a(r) = -4*r**2 - 1. What is a(j)?
-5
Let k(j) be the third derivative of j**6/120 + 7*j**5/60 + 5*j**4/12 + 4*j**3/3 - 2*j**2 + 10*j. Give k(-6).
-16
Let f be (-6)/(-27) - (-33)/(-27). Let w(l) be the second derivative of -3*l**5/20 - l**4/6 - l**3/3 - l**2/2 - 2*l. Give w(f).
2
Let w(v) = -10*v**3 - v**2 + 1. Let l(t) = t**2 - 2*t - 2. Let d be l(3). What is w(d)?
-10
Suppose 3*h = 5*i - 8, -2*h - 2*h = -4*i. Let p(n) = n**3 -